Let k = -40071 - -40134. Calculate the remainder when 400 is divided by k.
22
Let z(b) = -1 - 13*b + 12*b + 7. Let r be z(-7). Let c(k) = k - 3. What is the remainder when 16 is divided by c(r)?
6
Suppose -q = 1, -2*q + 1096 = -x + 4*x. Suppose -2*j = -s - 350, 5*j - 5*s - x = 3*j. What is the remainder when j is divided by 89?
84
Let b = -554 - -581. Suppose -10476 = -b*l + 1782. What is the remainder when l is divided by 24?
22
Let n(f) = 3*f**3 - f**2 - 3*f + 5. Let x be n(2). Suppose -5*o = -4*o - x. What is the remainder when (-3 - -225)/(1 - -1) is divided by o?
16
Let n(y) = -y**3 + 17*y**2 - 17*y + 111. What is the remainder when n(7) is divided by 80?
2
Let u(j) = j**2 + 33*j - 62. Let x be (105/(-6))/(-2 - (-5)/2). Let f(t) = 4*t - 3. What is the remainder when f(7) is divided by u(x)?
1
What is the remainder when 18954/16 - 35/56 is divided by 11?
7
Let n = 1101 - 1754. Let r = -431 - n. What is the remainder when r is divided by 25?
22
Let z(i) = -137*i - 1495. Calculate the remainder when 2432 is divided by z(-11).
8
Suppose f = p + 6, 3*p + 6 = -2*f - 2. Suppose f*q + 3*q - 255 = 0. Suppose 2*r = -13 + q. Calculate the remainder when r is divided by 11.
8
Suppose -i + 421 = -y + 41, 2*y + 4*i + 742 = 0. Let d = y + 397. Calculate the remainder when 73 is divided by d.
13
Suppose -19*k + 17700 = k. Suppose 0 = 7*w + 276 - k. What is the remainder when w is divided by 44?
43
Let n(m) = -m**3 - 11*m**2 + 58*m + 8. What is the remainder when 95 is divided by n(-15)?
19
Let l(p) = 261*p**2 - 181*p - 181. What is the remainder when l(-1) is divided by 4?
1
Suppose -2*r - 2*r = 0. Let k = 10 - r. Suppose 2*a + 259 = 3*x, 68 - k = x + 5*a. Calculate the remainder when x is divided by 28.
27
Let h(w) = -36*w - 5923. Let o(c) = 25*c + 4. Let i be o(-3). Let s = i + 153. Calculate the remainder when s is divided by h(-165).
14
Let v = -257 + 255. Calculate the remainder when 51 is divided by 1037/122 - (-1)/v*-1.
6
What is the remainder when 683 is divided by ((-3)/(-9))/(17408/(-1938) - -9)?
18
Let r(j) = -18*j - 55. Let z be r(6). Let d = -145 - z. What is the remainder when d is divided by 14?
4
Suppose 0 = 292*f - 75523 - 35934 - 19067. What is the remainder when f is divided by 156?
135
Let n = 490 + -405. Let b = 24 + -16. What is the remainder when n is divided by b?
5
Let q(m) = 1 + 1 - 8*m + 4 + 1. Calculate the remainder when q(-13) is divided by 58.
53
Let n(c) = 3*c + 43. Let x be n(21). Suppose 130 = 4*o - x. Let b = -23 + o. Calculate the remainder when b is divided by 10.
6
Let m be ((-3)/(-2))/((-16)/1792). Let i(l) = 17*l - 85. What is the remainder when i(7) is divided by m/(-9) + 6/18?
15
Let p(g) = 31*g + 953. What is the remainder when 419 is divided by p(-28)?
79
Let j(f) be the third derivative of 2*f**3 - 28*f**2 - 1/24*f**4 + 0*f + 0. What is the remainder when 51 is divided by j(-6)?
15
Suppose 4*y - 900 = 4*q, -950 + 940 = 2*q. What is the remainder when 791 is divided by y?
131
Let o = 768 + 3232. Calculate the remainder when o is divided by 29.
27
Let r(t) = 13*t**2 - 519*t - 14. What is the remainder when 646 is divided by r(40)?
22
Calculate the remainder when 3*(25 - (6 + -6)) is divided by 51.
24
Suppose -5*i - 19 = -3*s - 906, 0 = 3*s + 12. Calculate the remainder when i is divided by 89.
86
Let t(p) = -343*p + 1076. Suppose -8 = -3*f - 2*i + 22, i = f - 5. Calculate the remainder when t(3) is divided by f.
7
Suppose -3*c + 14 = 2*g, 2*c = 6*c - 5*g + 12. Suppose 4*m - 4*r = 72, 5*m + c*r - 80 = 10. Calculate the remainder when (8 + (-5)/1)*m is divided by 11.
10
Let k = 7399 + -6559. What is the remainder when k is divided by 313?
214
Let n(b) = -32*b**3 + 4*b**2 - 2*b - 2. Let c be n(-2). Suppose -15*g + 17*g - c = 0. Calculate the remainder when g is divided by 18.
11
Suppose 5*u + 488 = -1072. Let s = 329 + u. Calculate the remainder when s is divided by 12.
5
Let d(i) = -i**2 - 4. Let g be d(-10). Let p = -61 + g. What is the remainder when (0/(-3) - 4)/(3/p) is divided by 37?
35
Suppose 342*k = 1115915 + 508585. Calculate the remainder when k is divided by 6.
4
Let f(h) = h**3 + 6*h**2 + 5*h + 36. What is the remainder when 118 is divided by f(-6)?
4
Suppose -2*k + m = -25, 0 = 2*k - 2*m - 0*m - 28. Let a = k + 39. Calculate the remainder when a is divided by (-1025)/10*(-7)/35 - (-10)/(-4).
14
Let c(k) = 12*k**2 + 218*k + 78. What is the remainder when c(-19) is divided by 132?
4
Suppose -4*c - 2*m + 978 = 0, -5*c - 12*m = -14*m - 1227. Calculate the remainder when c is divided by 104.
37
Suppose -g + 4*i = -79, 10*i = 3*g + 6*i - 173. What is the remainder when 856 is divided by g?
10
Suppose -v - 434 = -5*q, v = -q + 17 + 71. Suppose j = 6*j - 100. What is the remainder when q is divided by 316/j + (-4)/5?
12
Let l = -1485 + 1107. Let d = -336 - l. Let j = -22 + 37. Calculate the remainder when d is divided by j.
12
Let a = -2905 - -10001. What is the remainder when a is divided by 151?
150
Let z(u) = -2*u**2 - 12*u - 2. Let q be z(-8). Let s = q - -58. Let p(y) = 95*y - 2162. Calculate the remainder when p(24) is divided by s.
22
Let u(n) = 2*n - 2. Let i be u(2). Suppose -3*b + 22 = -5*f, -i*b = 3*b - 5*f - 50. What is the remainder when 3 + (3 + -4 - -38) is divided by b?
12
Let s be (-2)/4 + 8/(-16)*-81. Suppose 0 = -s*n + 38*n + 368. What is the remainder when n is divided by 62?
60
Let q = -213 - -91. Let m = 129 + q. Calculate the remainder when 9 is divided by m.
2
Let a(k) = -5*k**3 - 6*k**2 - 164*k - 558. What is the remainder when 1291 is divided by a(-4)?
3
Let q be ((-1)/(21/35))/((-1)/3). Calculate the remainder when 152 is divided by 33 - (((-3)/3)/(-1) - q).
4
Let d(q) = q**3 + 55*q**2 + 479*q - 20. Calculate the remainder when (-2)/(-7) - 1452/(-14) is divided by d(-11).
34
Let o be -9 + (-3276)/(-35) + (-6)/10. What is the remainder when (-2)/(-8) - (-15771)/o is divided by 10?
8
Let f(k) = 86*k - 2110. What is the remainder when f(33) is divided by 49?
42
Suppose 0*l - 3*t + 63 = 2*l, 3*l = 5*t + 47. What is the remainder when ((-465)/10)/((-5)/10) is divided by -2*l/(6/(-3))?
21
Let s = -47179 - -47217. Suppose 3*i + 15 = 0, 5*a - 3*i = -2*i + 95. Let t = a + -10. Calculate the remainder when s is divided by t.
6
Let c = 1891 + 1086. What is the remainder when c is divided by 164?
25
Calculate the remainder when 1370 is divided by ((155 + 0)/5)/(((-3)/(-3))/5).
130
Suppose -994 = 104*x - 5674. What is the remainder when 1165 is divided by x?
40
Let p be ((-12)/14)/(-3) + 5346/154. Let k = -48 + p. Let j(w) = -w**3 - 12*w**2 + 12*w + 23. Calculate the remainder when j(k) is divided by 19.
17
Let h = 2907 - 2889. What is the remainder when 30 is divided by h?
12
Calculate the remainder when 132 is divided by (486/12)/((-30)/(-20)).
24
Let d be (-14490)/(-125) - 2/(-25). What is the remainder when 44 is divided by d/(-6)*(152/16 - 11)?
15
Let p = -2549 + 3821. Calculate the remainder when 8910 is divided by p.
6
Let d(u) = -9*u + 11. Let z = 55 + -65. Let p be d(z). Suppose 2*m + 3*a = p, 0*m = -2*m - 4*a + 98. Calculate the remainder when m is divided by 15.
10
Let t = 238 + -188. Calculate the remainder when t is divided by 37*(0 + 6/2)/3.
13
Suppose 3*s = 5*s - 5*k - 67, 5*k = -3*s + 63. What is the remainder when 1361 is divided by s?
9
Suppose 3*g = -2*g - 4*m + 2088, 5*g - 2*m - 2106 = 0. Suppose 43*w = 40*w + 4*r + 316, 5*r = 4*w - g. What is the remainder when w is divided by 35?
30
Let n(z) = z**3 - 60*z**2 - 187*z - 35. Calculate the remainder when 283 is divided by n(63).
10
Let t(w) = 25*w + 27. Let x be t(-5). Let z = -96 - x. Suppose 0 = -z*d + 106 + 38. What is the remainder when d is divided by 37?
35
Let t(h) = -h**3 + 48*h**2 + 50*h + 167. Calculate the remainder when 843 is divided by t(49).
195
Let i(u) = -10*u**3 + 790*u**2 + 88*u + 67. Calculate the remainder when i(79) is divided by 18.
17
Suppose -6*y = 27*y - 2343. Suppose -6*d + y = -7. What is the remainder when 102 is divided by d?
11
Let g = -2259 - -2279. What is the remainder when 36 is divided by g?
16
Let g = 1034 - 783. Let h(k) = 23*k**2 + 2*k - 2. What is the remainder when g is divided by h(1)?
21
Suppose -1422 = -353*n + 351*n + m, -5*m + 2107 = 3*n. Calculate the remainder when n is divid